r?
False
Is 3564638893 a prime number?
False
Is 1377234457 prime?
False
Is 15319193177 composite?
True
Is 19851154189 prime?
True
Is 4477148983 prime?
False
Is 15618163543 prime?
False
Is 5331373121 prime?
False
Is 17990467757 a prime number?
False
Is 26362470559 prime?
False
Is 116081841839 prime?
True
Is 14099215519 a composite number?
True
Is 11675752441 a prime number?
False
Is 825396413 composite?
True
Is 3254079391 composite?
True
Is 1024155809 prime?
False
Is 144109183 composite?
False
Is 1999869827 a composite number?
False
Is 39440164745 a prime number?
False
Is 1908606169 prime?
True
Is 68230968887 composite?
False
Is 353907389 prime?
False
Is 739692938 prime?
False
Is 92901928309 prime?
False
Is 1076822413 a prime number?
True
Is 685192355 a prime number?
False
Is 496110955 a prime number?
False
Is 43945822331 a prime number?
False
Is 424926511 prime?
False
Is 17224215403 composite?
False
Is 1524058739 a prime number?
False
Is 3210978311 a composite number?
False
Is 1896590747 prime?
False
Is 18871191553 composite?
True
Is 319063350521 prime?
True
Is 364171758709 a prime number?
False
Is 510536801 a prime number?
True
Is 20849161553 prime?
False
Is 11482135679 prime?
False
Is 9621567001 a composite number?
False
Is 8322963647 prime?
False
Is 1749813089 composite?
False
Is 17838829 prime?
True
Is 26189669573 composite?
False
Is 2464425503 a composite number?
True
Is 9579501811 a prime number?
False
Is 18102738301 a prime number?
False
Is 170158116047 composite?
True
Is 2632472047 composite?
False
Is 27644867959 a prime number?
True
Is 6975127265 prime?
False
Is 21970253 prime?
False
Is 1585057423 prime?
True
Is 556526531 a composite number?
True
Is 4413276723 a composite number?
True
Is 777875357 prime?
False
Is 14482203269 a prime number?
True
Is 577960391 prime?
False
Is 10141426613 a composite number?
True
Is 4230890239 composite?
False
Is 3695718743 a prime number?
True
Is 6382588367 a prime number?
False
Is 1358998115 a prime number?
False
Is 5202941129 a composite number?
True
Is 5576545579 a prime number?
False
Is 2395369841 composite?
True
Is 310663368727 a composite number?
False
Is 195200266 prime?
False
Is 6290447659 a composite number?
False
Is 243458331 prime?
False
Is 1298757461 a composite number?
True
Is 12282454517 composite?
True
Is 773734477 prime?
False
Is 166075823851 prime?
False
Is 116260689113 a composite number?
True
Is 2102153021 prime?
False
Is 11232125539 prime?
False
Is 4171900559 a prime number?
True
Is 810752713 prime?
False
Is 6359240747 prime?
False
Is 289577 a composite number?
False
Is 37546613705 a composite number?
True
Is 51570772301 composite?
False
Is 73907387 prime?
False
Is 9300040598 composite?
True
Is 6687932371 a composite number?
True
Is 1053701629 composite?
True
Is 1879924031 a prime number?
True
Is 1225222139 composite?
True
Is 111728376917 a prime number?
False
Is 5721646061 a composite number?
True
Is 823622861 a prime number?
False
Is 220042027 a prime number?
False
Is 5488465271 prime?
True
Is 360014539 a composite number?
True
Is 288999059 a prime number?
False
Is 152848117343 a prime number?
True
Is 1820097397 a composite number?
False
Is 1365773389 a prime number?
True
Is 11508546587 a composite number?
True
Is 21064690547 a prime number?
True
Is 80111989 a composite number?
False
Is 8833112942 a composite number?
True
Is 24465699091 prime?
False
Is 1328503133 composite?
False
Is 6543420161 prime?
False
Is 311801827 a composite number?
False
Is 31625547307 composite?
True
Is 442528643 composite?
False
Is 34495207537 composite?
True
Is 3044788519 a composite number?
True
Is 51605339221 composite?
True
Is 1010204981 prime?
False
Is 320416583 a prime number?
False
Is 1690403885 a composite number?
True
Is 143875111 a prime number?
True
Is 640302851 prime?
True
Is 5095446577 prime?
False
Is 277299829 a prime number?
False
Is 8774146747 prime?
True
Is 98564208611 composite?
True
Is 2865094951 composite?
False
Is 521600353 a prime number?
True
Is 58449467 a composite number?
False
Is 643176371 composite?
False
Is 208347481 composite?
True
Is 122815102607 a prime number?
False
Is 21129348602 composite?
True
Is 8212744097 prime?
True
Is 9549742507 prime?
True
Is 6802489273 a prime number?
True
Is 80609071 a composite number?
True
Is 20476636513 composite?
False
Is 425688637 composite?
True
Is 64166689399 composite?
False
Is 3141366209 a prime number?
False
Is 11157038411 a composite number?
False
Is 1023646903 a prime number?
True
Is 1527422839 a composite number?
False
Is 765901855 a prime number?
False
Is 16740935437 a prime number?
True
Is 259927253 composite?
False
Is 570657239 composite?
True
Is 186748717 composite?
False
Is 2531550103 composite?
False
Is 2285251717 a prime number?
False
Is 362498567 a prime number?
True
Is 6240067063 a composite number?
False
Is 47433463687 a composite number?
True
Is 386936377 a composite number?
True
Is 2669306947 composite?
True
Is 57693471497 prime?
True
Is 547386557 a prime number?
True
Is 71738801 prime?
True
Is 78576812467 prime?
True
Is 517968479 a prime number?
False
Is 2558851681 prime?
True
Is 15543590009 a composite number?
True
Is 37251665567 a prime number?
False
Is 4414867769 a composite number?
True
Is 176365229 a composite number?
False
Is 67896167 composite?
True
Is 5915961889 prime?
True
Is 4122830719 composite?
True
Is 298733381 a prime number?
True
Is 1997110837 composite?
False
Is 6169220303 composite?
False
Is 2441483207 composite?
False
Is 1954804667 composite?
False
Is 240540533 a composite number?
True
Is 14929359491 a prime number?
False
Is 37797886642 a composite number?
True
Is 8979534547 prime?
False
Is 56066078093 a prime number?
False
Is 6207996121 a composite number?
True
Is 3524424611 a composite number?
False
Is 44881678781 composite?
False
Is 15668118229 a composite number?
True
Is 5250173953 a prime number?
True
Is 9762693933 composite?
True
Is 928844071 prime?
True
Is 58440215 prime?
False
Is 23394669461 composite?
False
Is 4291792943 composite?
True
Is 3485009609 prime?
False
Is 461916573 prime?
False
Is 29992338601 a prime number?
True
Is 2658504853 prime?
True
Is 235405405919 a prime number?
True
Is 45301812847 a composite number?
False
Is 525456398 prime?
False
Is 64118903 a composite number?
True
Is 772702639 composite?
False
Is 27368521 composite?
True
Is 5100084293 a prime number?
True
Is 113896486315 a prime number?
False
Is 1065239801 a composite number?
True
Is 49529312647 a composite number?
False
Is 17541819377 composite?
True
Is 16307231617 composite?
False
Is 49296140171 composite?
False
Is 188710747 composite?
False
Is 32881749617 composite?
True
Is 4103951 composite?
True
Is 8997383881 composite?
False
Is 16529741263 prime?
False
Is 29081730203 prime?
True
Is 102718941989 a composite number?
True
Is 2569490059 a composite number?
True
Is 3705495517 a prime number?
True
Is 5373251203 a composite number?
False
Is 2084270959 prime?
False
Is 3829337689 a prime number?
False
Is 37313309567 composite?
True
Is 86681143 a prime number?
False
Is 23732981197 prime?
False
Is 6615534257 a composite number?
False
Is 537640123 prime?
True
Is 6425149 a prime number?
False
Is 1032254471 a composite number?
False
Is 1322548793 prime?
False
Is 2361145411 a composite number?
True
Is 2863728407 prime?
False
Is 39303194543 prime?
True
Is 442163021 a prime number?
True
Is 3628351453 a prime number?
False
Is 53528209851 prime?
False
Is 2541304727 prime?
False
Is 1910279653 a prime number?
True
Is 252584471 a prime number?
False
Is 115865840087 a composite number?
True
Is 3089350127 a composite number?
False
Is 13336100867 composite?
False
Is 2939187269 a prime number?
False
Is 41018302993 a composite number?
True
Is 8149179131 a prime number?
True
Is 1302051317 composite?
True
Is 2056136197 composite?
False
Is 1767265187 prime?
True
Is 25477013 a composite number?
True
Is 4576134617 a composite number?
False
Is 3248656291 composite?
True
Is 95278046113 a prime number?
True
Is 153228377 a composite number?
False
Is 256199219 a composite number?
True
Is 3640205339 prime?
True
Is 11065215983 composite?
False
Is 128929569893 a composite number?
False
Is 51601525627 a prime number?
False
Is 7569320113 a prime number?